 -4*x. Suppose -4*f = 2*s - 84, x*f = -s + 2*f + 39. Calculate the greatest common factor of s and 11.
11
Let d(q) = -q**3 + 5*q**2 - 2*q. Suppose -2*r + 3 = -3. Let w be d(r). What is the greatest common factor of w and 4?
4
Suppose 17 + 15 = 4*c. Let v(y) = y**3 - 9*y**2 + 9*y + 4. Let k be v(c). Calculate the greatest common divisor of k and 18.
6
Let i(j) = j**2 + 2*j + 2. Suppose -c - 3*c = 8. Let n be i(c). Suppose 0*g - 2*g + 8 = 0. Calculate the greatest common divisor of n and g.
2
Let n(g) = -g**3 - g**2 - 3*g - 2. Suppose 3*y + 1 = -5. Let d be n(y). Let i be (0 - -8)/(3 - 2). Calculate the greatest common factor of i and d.
8
Suppose -5*w = -3*c - 72, -4*w + 3*c = 4*c - 61. Suppose 0 + 1 = -j. Let n be (5/j)/((-3)/81). What is the greatest common factor of n and w?
15
Let q(m) = -m**3 + m**2 - m + 8. Let b be q(0). Suppose -u + 40 = -5*h, 2*u + 3*u - 96 = -h. What is the greatest common factor of b and u?
4
Suppose 22 = 3*y - 4*l - 8, 27 = 4*y - l. Let g(x) = -x - 1. Let h be g(-5). What is the greatest common divisor of y and h?
2
Let p(f) = -f**2 - 9*f - 4. Let t be p(-7). What is the highest common factor of t and 40?
10
Let l = 625 - 289. Suppose 4*v = v + l. What is the highest common divisor of 16 and v?
16
Suppose -4*j = -4*r + 43 + 45, 2*r - 38 = 5*j. Calculate the highest common factor of 12 and r.
12
Let i = -3 + 3. Let s(w) = -w**2 - w + 3. Let q be s(i). Suppose 0*g = -q*g + 21. Calculate the greatest common factor of g and 21.
7
Suppose -x = -0*x - 4. What is the highest common divisor of 10 and x?
2
Let l be 2/6 + 17/3. Let a be ((-9)/l)/(2/(-16)). Let o(j) = 7*j - 90. Let t be o(18). What is the highest common divisor of a and t?
12
Let f(h) = -h**3 + 10*h**2 + 12*h - 9. Let i be f(11). Let w be (-3 - -3) + i*2. What is the highest common factor of 12 and w?
4
Let l be (-73)/(-4) - 12/48. Let x be (-18)/(1/(-4)*1). Calculate the highest common divisor of x and l.
18
Let w = 44 - 21. Suppose -5*l = -148 + w. Let j = 59 - -16. Calculate the highest common divisor of l and j.
25
Let o be (-7 - -3)/(1 - 3). Suppose 23 = o*q - 5. What is the greatest common factor of 35 and q?
7
Suppose 3*y - 4*m - 655 = 0, -661 = -3*y - m + 2*m. Calculate the highest common divisor of 17 and y.
17
Let f(c) = 5*c**2 - c - 2. Let x be f(2). Suppose 2*m - x - 274 = 0. Suppose 5*v = 805 - m. What is the greatest common divisor of 12 and v?
12
Suppose -8*s = -3*s - 10. Suppose 3*x + 2*b - 42 = 0, s*b - 7 - 21 = -2*x. What is the highest common divisor of 112 and x?
14
Let q = -8 + 23. Suppose -5*b = -4*d + 175, 0 = 3*d + 3*b - 91 - 47. What is the greatest common factor of q and d?
15
Let h = 4 + 0. Suppose -5*u = -s - 235, -197 = -h*u - 0*u - s. Let a(z) = 12*z. Let f be a(1). Calculate the greatest common factor of f and u.
12
Suppose 7 = -3*x - 5. Let z be (-5)/(-1)*x/(-10). Suppose 4*p - 1 = -4*r + 3, 4*r - 14 = -z*p. What is the highest common divisor of 30 and r?
6
Suppose -5*g + 0*g + 4*u = -108, 3*u = 4*g - 87. Calculate the greatest common factor of g and 12.
12
Let s = -73 + 109. Suppose -4*i + 1 = -95. Calculate the greatest common divisor of i and s.
12
Let d be (0 - -5)*1 + -3. Let o = 5 + d. What is the greatest common factor of o and 63?
7
Let n(j) = -9*j - 14. Let o be n(-3). Calculate the greatest common factor of o and 52.
13
Suppose -m + 21 = 2*t, -2*m = -t + 3*m - 6. Suppose -3 = 3*f - t. Suppose f*c - 3*c = -64. What is the highest common factor of c and 16?
16
Suppose 3*t + q - 239 = 0, -2*t + 42 + 100 = 5*q. What is the greatest common divisor of 9 and t?
9
Suppose 7*z - 38 = 67. Suppose 3*r + 240 = 5*r. What is the highest common divisor of r and z?
15
Let w(o) = o**2 - 6*o - 25. Let c be w(11). Calculate the greatest common divisor of c and 150.
30
Let n be (112/6)/(36/54). Calculate the highest common factor of n and 42.
14
Suppose 7*k = 6*k - 5. Let d be (-2)/k - (-206)/10. Let a be 2/(-5) + (-424)/(-10). Calculate the highest common factor of a and d.
21
Let y(z) = -z + 1. Let k(c) = c + 0 + c + 2. Let d(g) = -k(g) + 2*y(g). Let h be d(-2). What is the greatest common divisor of 2 and h?
2
Suppose 15 = 2*t + 5*h, -5*h = t - 11 - 4. Suppose t = -3*s + 7*s - 100. Calculate the greatest common factor of 5 and s.
5
Let w be (-2 + 1)/((-3)/3). Let b be ((-18)/(-3) - 4)*w. What is the greatest common divisor of 14 and b?
2
Suppose -4*k = 2*r - 8, 0 = -3*r - 5*k + 15 + 1. Calculate the greatest common factor of 108 and r.
12
Let y be (-3)/(-6)*(35 + -1). Let o(d) = -d + 2*d**3 + y*d**2 - 17*d**2 + 1. Let i be o(1). Calculate the greatest common factor of 6 and i.
2
Suppose -223 + 49 = -4*s - 5*r, -4*s = -2*r - 160. What is the greatest common factor of 369 and s?
41
Suppose -7*t + 6*t = -9. What is the greatest common factor of 9 and t?
9
Suppose -4*f - h + 74 = 0, 3*h + h - 87 = -5*f. Suppose 5*p - 343 = 417. What is the greatest common factor of f and p?
19
Let v(f) = 2 + 4*f - 2*f + 0*f. Let z be v(-3). Let u = 3 - z. Calculate the highest common factor of 21 and u.
7
Let p(u) = 2*u - 9. Suppose -5*l + 27 = w, -l - 7 = 5*w + 2. Let i be p(l). Suppose -c + 35 = i. What is the highest common divisor of c and 16?
16
Suppose -3*w - 5*q = -980, 4*w - q - 1314 = -4*q. Calculate the highest common divisor of w and 30.
30
Let d = 13 - -4. Let j(q) be the first derivative of q**4/4 + 4*q**3 + 11*q**2/2 + 12*q + 5. Let u be j(-10). What is the greatest common divisor of d and u?
17
Let g = 85 - 51. Calculate the greatest common divisor of 85 and g.
17
Let w(x) = -x**2 - 10*x + 5. Let k be w(-10). What is the greatest common factor of k and 55?
5
Let v(a) = -a**3 - 10*a**2 - 11*a - 9. Let o be v(-9). Calculate the highest common factor of 99 and o.
9
Let k be (126/5)/((-2)/(-20)). What is the highest common divisor of k and 28?
28
Let c be -4 - ((-58)/2 + 1). Calculate the highest common divisor of 3 and c.
3
Let i(u) = 2*u**2 + 6*u + 5. Let n = -2 + -3. Let f be i(n). Let k = -23 - -33. Calculate the highest common divisor of f and k.
5
Suppose 9*t - 5*t + 64 = 0. Let s be (t/(-10))/(4/200). What is the highest common divisor of 20 and s?
20
Let t be 1*6 + 0 + 3. Calculate the greatest common divisor of t and 99.
9
Suppose 4 - 9 = 5*q. Let f be (q + 1 + -5)/(-1). Suppose -v - 120 = -4*v. What is the highest common divisor of f and v?
5
Let n be ((-8)/(-5))/((-1)/(-5)). Suppose 4*c + 9 = 1. Let x(t) = -19*t + 2. Let a be x(c). Calculate the highest common divisor of a and n.
8
Let m be 20*1 + (0 - 1). Suppose 3*t = -j - 3*j + 684, -5*j = -t - 855. What is the greatest common factor of j and m?
19
Suppose t + 5 = 11. What is the highest common divisor of t and 30?
6
Let a(t) = 4*t**2 + 6*t. Let k = -3 - 1. Let h be a(k). What is the highest common factor of h and 10?
10
Suppose 0*s = s. Suppose -4*b = -s*b - 56. What is the greatest common factor of b and 35?
7
Let x = -80 + 149. Let w be ((-2)/4)/(12/(-144)). Let b be 272/w - 40/(-60). Calculate the highest common factor of b and x.
23
Let u = -54 + 288. Calculate the highest common divisor of u and 39.
39
Let k(h) = -4*h - 1. Let t be k(-1). Let w = 40 - 13. What is the highest common factor of w and t?
3
Let z(q) = 5*q - 7. Let s be z(5). Let d(n) = -n**3 - n**2 + 2*n + 3. Let o be d(-2). Suppose o*m + m = 72. What is the highest common divisor of s and m?
18
Let b be (-190)/(-25)*(21 - 1). What is the greatest common divisor of b and 19?
19
Let x be (-322)/(-4) - (-3)/6. Let u(k) = k - 1. Let r(o) = 3. Let s(w) = r(w) + 3*u(w). Let z be s(3). Calculate the highest common divisor of x and z.
9
Let v be 1 + -2 + (-3)/(-1). Suppose -2*a + 4*z = -0*a - 46, -v*a - z = -71. Let k be 6/4*(-110)/(-15). What is the highest common factor of a and k?
11
Suppose 0 = -3*r + 5*n + 41, 2*r - 2*n + 6*n = -2. Let z = 18 - 12. Let w be (-172)/(-6) - z/9. Calculate the greatest common factor of r and w.
7
Let z = 42 - -13. Suppose j = k + 13, j + 4 = -2*k + 11. Calculate the highest common divisor of j and z.
11
Suppose -4*z - 4*m + 12 + 36 = 0, 5*m = z + 12. Let c be 110/5*4/z. Calculate the greatest common divisor of 121 and c.
11
Let n(y) = 2*y**3 + 3*y**2 + 2*y - 13. Let i be n(5). Calculate the greatest common divisor of i and 46.
46
Suppose -3*h - 3*j = -8*h + 141, 0 = -h + 5*j + 37. 